er when 6700 is divided by 605?
45
Calculate the remainder when 20148 is divided by 28.
16
Calculate the remainder when 35576 is divided by 359.
35
What is the remainder when 831 is divided by 115?
26
Calculate the remainder when 37857 is divided by 37318.
539
Calculate the remainder when 52157 is divided by 178.
3
What is the remainder when 7434 is divided by 826?
0
Calculate the remainder when 98780 is divided by 294.
290
Calculate the remainder when 25039 is divided by 19.
16
What is the remainder when 26012 is divided by 1779?
1106
Calculate the remainder when 11580 is divided by 10.
0
Calculate the remainder when 8622224 is divided by 15.
14
What is the remainder when 32396 is divided by 181?
178
Calculate the remainder when 108896 is divided by 495.
491
Calculate the remainder when 106042 is divided by 26505.
22
What is the remainder when 3648 is divided by 4?
0
What is the remainder when 33131 is divided by 486?
83
What is the remainder when 7238 is divided by 936?
686
Calculate the remainder when 157158 is divided by 1069.
15
Calculate the remainder when 1594 is divided by 95.
74
Calculate the remainder when 17800 is divided by 2951.
94
What is the remainder when 3372 is divided by 342?
294
Calculate the remainder when 83075 is divided by 16593.
110
What is the remainder when 14216 is divided by 507?
20
What is the remainder when 7455 is divided by 171?
102
What is the remainder when 3076 is divided by 18?
16
What is the remainder when 2038 is divided by 1006?
26
What is the remainder when 1589 is divided by 238?
161
Calculate the remainder when 55912 is divided by 265.
262
What is the remainder when 2022 is divided by 1003?
16
What is the remainder when 241566 is divided by 86?
78
What is the remainder when 994 is divided by 140?
14
What is the remainder when 12296 is divided by 20?
16
Calculate the remainder when 3235 is divided by 404.
3
Calculate the remainder when 12760 is divided by 20.
0
Calculate the remainder when 5645 is divided by 169.
68
Calculate the remainder when 10245 is divided by 410.
405
What is the remainder when 14018 is divided by 390?
368
What is the remainder when 1987 is divided by 187?
117
Calculate the remainder when 6010 is divided by 304.
234
Calculate the remainder when 18023 is divided by 756.
635
Calculate the remainder when 68855 is divided by 202.
175
Calculate the remainder when 3518 is divided by 111.
77
Calculate the remainder when 506839 is divided by 33.
25
Calculate the remainder when 148453 is divided by 49476.
25
Calculate the remainder when 9753 is divided by 29.
9
What is the remainder when 2290 is divided by 818?
654
What is the remainder when 87038 is divided by 456?
398
What is the remainder when 39430 is divided by 93?
91
What is the remainder when 1559 is divided by 46?
41
Calculate the remainder when 33517 is divided by 16.
13
Calculate the remainder when 2798 is divided by 14.
12
Calculate the remainder when 4194 is divided by 1994.
206
What is the remainder when 10165 is divided by 41?
38
What is the remainder when 54142 is divided by 49?
46
Calculate the remainder when 279412 is divided by 21492.
16
What is the remainder when 116548 is divided by 74?
72
What is the remainder when 4356 is divided by 27?
9
What is the remainder when 60773 is divided by 187?
185
What is the remainder when 107581 is divided by 8?
5
Calculate the remainder when 1646 is divided by 1636.
10
Calculate the remainder when 27844 is divided by 928.
4
Calculate the remainder when 24509 is divided by 721.
716
What is the remainder when 3114 is divided by 456?
378
What is the remainder when 389025 is divided by 68?
65
Calculate the remainder when 1823 is divided by 18.
5
What is the remainder when 7980 is divided by 734?
640
What is the remainder when 25259 is divided by 8407?
38
What is the remainder when 6784 is divided by 831?
136
What is the remainder when 285877 is divided by 1466?
7
What is the remainder when 70774 is divided by 24?
22
What is the remainder when 7452 is divided by 164?
72
Calculate the remainder when 2344 is divided by 185.
124
Calculate the remainder when 2122 is divided by 20.
2
What is the remainder when 70349 is divided by 23436?
41
What is the remainder when 1863 is divided by 928?
7
Calculate the remainder when 6750 is divided by 1.
0
Calculate the remainder when 41356 is divided by 28.
0
Calculate the remainder when 73158 is divided by 159.
18
Calculate the remainder when 45294 is divided by 647.
4
Calculate the remainder when 3672440 is divided by 29.
25
Calculate the remainder when 1767219 is divided by 52.
51
Calculate the remainder when 3302 is divided by 127.
0
What is the remainder when 37068 is divided by 12352?
12
What is the remainder when 2462 is divided by 1184?
94
Calculate the remainder when 5433 is divided by 31.
8
Calculate the remainder when 6000 is divided by 62.
48
What is the remainder when 97528 is divided by 4?
0
What is the remainder when 8372 is divided by 335?
332
What is the remainder when 917621 is divided by 542?
15
Calculate the remainder when 1284 is divided by 1251.
33
Calculate the remainder when 26286 is divided by 6568.
14
Calculate the remainder when 4704 is divided by 228.
144
What is the remainder when 81326 is divided by 96?
14
Calculate the remainder when 57458 is divided by 4786.
26
Calculate the remainder when 145139 is divided by 2546.
17
Calculate the remainder when 17611 is divided by 2512.
27
What is the remainder when 996026 is divided by 255?
251
Calculate the remainder when 16908 is divided by 127.
17
Calculate the remainder when 1051 is divided by 29.
7
What is the remainder when 343295 is divided by 144?
143
What is the remainder when 16942 is divided by 1182?
394
Calculate the remainder when 219605 is divided by 73121.
242
Calculate the remainder when 789253 is divided by 17.
11
What is the remainder when 10752 is divided by 2678?
40
Calculate the remainder when 169315 is divided by 4.
3
What is the remainder when 195197 is divided by 92?
65
What is the remainder when 17220 is divided by 1707?
150
Calculate the remainder when 30096 is divided by 198.
0
What is the remainder when 104179 is divided by 9459?
130
What is the remainder when 285448 is divided by 66?
64
What is the remainder when 879 is divided by 3?
0
What is the remainder when 592 is divided by 231?
130
What is the remainder when 13692 is divided by 8?
4
Calculate the remainder when 303568 is divided by 90.
88
What is the remainder when 158714 is divided by 6?
2
What is the remainder when 2829 is divided by 46?
23
Calculate the remainder when 127325 is divided by 42432.
29
What is the remainder when 115384 is divided by 17?
5
Calculate the remainder when 138265 is divided by 1411.
1398
Calculate the remainder when 3834 is divided by 1868.
98
Calculate the remainder when 1281 is divided by 180.
21
Calculate the remainder when 614 is divided by 274.
66
What is the remainder when 67699 is divided by 66?
49
Calculate the remainder when 3022 is divided by 374.
30
Calculate the remainder when 317673 is divided by 97.
95
What is the remainder when 16345 is divided by 495?
10
What is the remainder when 2043551 is divided by 66?
59
Calculate the remainder when 46588 is divided by 218.
154
Calculate the remainder when 295824 is divided by 14791.
4
What is the remainder when 180932 is divided by 90460?
12
Calculate the remainder when 329601 is divided by 726.
723
Calculate the remainder when 44833 is divided by 11204.
17
What is the remainder when 1521 is divided by 167?
18
Calculate the remainder when 11339 is divided by 2118.
749
Calculate the remainder when 664759 is divided by 8.
7
Calculate the remainder when 6084 is divided by 1358.
652
What is the remainder when 1176 is divided by 275?
76
What is the remainder when 53808 is divided by 115?
103
Calculate the remainder when 21251 is divided by 211.
151
Calculate the remainder when 97346 is divided by 27.
11
Calculate the remainder when 7939 is divided by 467.
0
What is the remainder when 2094 is divided by 100?
94
Calculate the remainder when 137095 is divided by 1443.
10
Calculate the remainder when 5811 is divided by 485.
476
What is the remainder when 5229 is divided by 1298?
37
Calculate the remainder when 2160 is divided